65?
True
Does 43 divide 1726?
False
Does 106 divide 124?
False
Is 16 a factor of 36619?
False
Is 4 a factor of 1803?
False
Is 2409 a multiple of 73?
True
Is 95 a factor of 20240?
False
Does 9 divide 116?
False
Does 17 divide 204?
True
Is 641 a multiple of 22?
False
Is 57089 a multiple of 56?
False
Does 16 divide 15195?
False
Is 10 a factor of 750?
True
Is 54 a factor of 4527?
False
Is 24 a factor of 2328?
True
Is 121 a factor of 848?
False
Does 7 divide 36829?
False
Is 35 a factor of 1505?
True
Does 7 divide 6741?
True
Is 128 a factor of 3456?
True
Is 25 a factor of 18129?
False
Does 21 divide 3207?
False
Is 5577 a multiple of 11?
True
Is 34 a factor of 6494?
True
Is 122 a factor of 390?
False
Does 11 divide 6765?
True
Is 53 even?
False
Is 41 a factor of 205?
True
Is 706 a multiple of 27?
False
Is 6 a factor of 223?
False
Is 769 a multiple of 22?
False
Is 45191 a multiple of 150?
False
Is 804 a multiple of 63?
False
Is 84 a multiple of 7?
True
Does 3 divide 27395?
False
Does 9 divide 14910?
False
Does 7 divide 15197?
True
Does 10 divide 760?
True
Is 29 a factor of 491?
False
Does 3 divide 59?
False
Is 5 a factor of 1862?
False
Is 16 a factor of 112?
True
Does 42 divide 236?
False
Is 7 a factor of 11376?
False
Is 7 a factor of 441?
True
Is 430 a multiple of 31?
False
Is 8 a factor of 2152?
True
Is 8629 a multiple of 24?
False
Is 42 a factor of 1015?
False
Is 1539 a multiple of 81?
True
Does 16 divide 25661?
False
Is 2070 a multiple of 30?
True
Is 26 a multiple of 16?
False
Is 1925 a multiple of 175?
True
Is 5250 a multiple of 15?
True
Is 292 a multiple of 14?
False
Is 11 a factor of 8726?
False
Is 23 a factor of 1680?
False
Does 13 divide 2808?
True
Is 14 a factor of 1176?
True
Is 894 a multiple of 3?
True
Is 1364 a multiple of 7?
False
Is 2645 a multiple of 23?
True
Is 6 a factor of 289?
False
Is 4 a factor of 4590?
False
Is 65325 a multiple of 13?
True
Is 12064 a multiple of 104?
True
Is 5 a factor of 2309?
False
Does 8 divide 8542?
False
Does 151 divide 89996?
True
Is 168 a multiple of 14?
True
Does 42 divide 3108?
True
Is 388 even?
True
Is 13756 a multiple of 4?
True
Is 16 a factor of 208?
True
Does 47 divide 11549?
False
Is 2 a factor of 53?
False
Does 5 divide 112?
False
Is 3485 a multiple of 32?
False
Is 25 a factor of 3429?
False
Does 98 divide 588?
True
Is 795 a multiple of 10?
False
Is 8342 a multiple of 7?
False
Is 6 a factor of 3801?
False
Is 16 a factor of 176?
True
Does 20 divide 11249?
False
Is 943 a multiple of 16?
False
Is 21 a factor of 4294?
False
Is 20 a factor of 5520?
True
Is 2 a factor of 8350?
True
Is 714 a multiple of 14?
True
Is 23 a factor of 23?
True
Does 242 divide 87120?
True
Is 1848 a multiple of 10?
False
Is 228 a multiple of 6?
True
Is 8 a factor of 35064?
True
Is 25 a factor of 5506?
False
Is 3 a factor of 12444?
True
Does 9 divide 7740?
True
Is 54 a factor of 43200?
True
Does 66 divide 858?
True
Is 19 a factor of 399?
True
Does 10 divide 90?
True
Is 268 a multiple of 67?
True
Does 18 divide 810?
True
Is 58 a factor of 7540?
True
Does 135 divide 30780?
True
Is 84 a factor of 5998?
False
Does 56 divide 3340?
False
Is 990 a multiple of 33?
True
Is 40 a factor of 776?
False
Does 44 divide 2479?
False
Is 7340 even?
True
Does 98 divide 58966?
False
Is 624 a multiple of 39?
True
Does 4 divide 304?
True
Is 7932 a multiple of 7?
False
Is 399 a multiple of 3?
True
Is 2 a factor of 423?
False
Does 147 divide 2900?
False
Is 6240 a multiple of 48?
True
Is 2503 a multiple of 19?
False
Does 7 divide 906?
False
Is 34 a factor of 100402?
True
Is 73 a factor of 8468?
True
Is 29 a factor of 11426?
True
Does 192 divide 5760?
True
Is 1775 a multiple of 27?
False
Does 31 divide 5983?
True
Does 10 divide 68?
False
Does 200 divide 40600?
True
Is 134 a factor of 12462?
True
Does 13 divide 1235?
True
Is 1209 a multiple of 79?
False
Does 4 divide 9792?
True
Does 70 divide 1400?
True
Is 336 a multiple of 28?
True
Is 1901 a multiple of 36?
False
Is 3678 a multiple of 6?
True
Is 1568 a multiple of 12?
False
Is 139 a factor of 15422?
False
Is 4 a factor of 1800?
True
Does 17 divide 338?
False
Does 18 divide 9457?
False
Is 16437 even?
False
Does 10 divide 4200?
True
Is 68 a multiple of 23?
False
Is 17108 a multiple of 13?
True
Is 12 a factor of 228?
True
Is 543 even?
False
Is 12 a factor of 42?
False
Does 2 divide 129?
False
Is 30 a factor of 19716?
False
Is 19 a factor of 16390?
False
Is 2179 a multiple of 49?
False
Is 290 a multiple of 58?
True
Is 2 a factor of 7484?
True
Does 76 divide 10032?
True
Is 11 a factor of 6375?
False
Is 22771 a multiple of 7?
True
Is 250 a factor of 107550?
False
Is 95 a factor of 1995?
True
Is 1054 a multiple of 27?
False
Is 13 a factor of 74?
False
Is 30 a factor of 677?
False
Is 82 a factor of 45236?
False
Does 10 divide 967?
False
Is 14 a factor of 1321?
False
Is 18 a factor of 4158?
True
Does 26 divide 15273?
False
Is 14214 a multiple of 46?
True
Is 96729 a multiple of 19?
True
Is 48 a factor of 6384?
True
Is 4445 a multiple of 129?
False
Is 33 a factor of 446?
False
Is 10 a factor of 50?
True
Is 1760 a multiple of 32?
True
Is 32 a factor of 13371?
False
Is 129 a factor of 9381?
False
Is 3131 a multiple of 94?
False
Is 195 a multiple of 3?
True
Is 2790 a multiple of 9?
True
Is 36 a factor of 8031?
False
Is 17 a factor of 41412?
True
Does 31 divide 6340?
False
Is 17 a factor of 415?
False
Is 17712 a multiple of 15?
False
Does 34 divide 44200?
True
Is 18012 a multiple of 237?
True
Is 1241 a multiple of 17?
True
Does 8 divide 112?
True
Does 22 divide 6072?
True
Is 19 a multiple of 2?
False
Is 25776 a multiple of 24?
True
Does 53 divide 4452?
True
Is 799 a multiple of 18?
False
Is 19 a factor of 863?
False
Is 26 a factor of 23452?
True
Does 16 divide 1398?
False
Is 848 a multiple of 46?
False
Is 1075 a multiple of 43?
True
Is 19 a factor of 161?
False
Is 86 a factor of 12313?
False
Is 3626 a multiple of 53?
False
Is 2244 a multiple of 46?
False
Is 602 a multiple of 2?
True
Does 18 divide 1840?
False
Does 21 divide 4164?
False
Does 22 divide 440?
True
Is 24 a factor of 336?
True
Does 14 divide 1078?
True
Does 18 divide 540?
True
Is 23675 a multiple of 113?
False
Is 8 a multiple of 2?
True
Is 18 a factor of 3346?
False
Is 20 a factor of 1005?
False
Does 166 divide 19090?
True
Does 12 divide 939?
False
Is 34254 a multiple of 18?
True
Is 13692 a multiple of 81?
False
Does 17 divide 2499?
True
Does 11 divide 581?
False
Is 165624 a multiple of 20?
False
Is 29 a factor of 109765?
True
Is 174 a factor of 3120?
False
Does 10 divide 15230?
True
Is 10 a factor of 690?
True
Is 6349 a multiple of 14?
False
Is 2 a factor of 78?
True
Is 6 a factor of 162?
True
Is 13 a factor of 447?
False
Is 26760 a multiple of 3?
True
Does 3 divide 17?
False
Is 50 a factor of 150?
True
Is 33913 a multiple of 124?
False
Does 75 divide 1125?
True
Is 590 a multiple of 59?
True
Is 12431 a multiple of 15?
False
Is 22680 a multiple of 45?
True
Is 6630 a multiple of 15?
True
Is 229 a multiple of 9?
False
Is 6650 a multiple of 190?
True
Does 24 divide 1272?
True
Is 691 a multiple of 6?
False
Is 65 a factor of 6208?
False
Is 11 a factor of 121?
True
Is 569 a multiple of 4?
False
Is 20748 a multiple of 155?
False
Is 13 a factor of 1856?
False
Does 77 divide 13791?
False
Is 3102 a multiple of 67?
False
Is 3627 a multiple of 31?
True
Is 463 a multiple of 15?
False
Does 116 divide 34568?
True
Is 107 a factor of 1597?
False
Does 20 divide 525?
False
Is 396 a multiple of 9?
True
Is 306 a multiple of 51?
True
Is 146173 a multiple of 39?
False
Does 33 divide 8151?
True
Is 1587 a multiple of 23?
True
Is 43 a factor of 6073?
False
Is 19 a factor of 2125?
False
Is 43 a factor of 3243?
False
Is 37433 a multiple of 38?
False
Is 35 a factor of 26600?
True
Is 31122 a multiple of 39?
True
Does 23 divide 32407?
True
Does 19 divide 1710?
True
Is 9485 a multiple of 19?
False
Does 125 divide 1585?
False
Is 75 a factor of 10050?
True
Is 2659 a multiple of 31?
False
Is 206 a factor of 20617?
False
Does 41 divide 438?
False
Does 127 divide 2516?
False
Is 12 a factor of 1824?
True
Does 83 divide 2937?
False
Is 6 a factor of 18894?
True
Is 182 a multiple of 182?
True
Does 23 divide 1784?
False
Does 7 divide 509?
False
Is 13 a factor of 607?
False
Is 27 a factor of 918?
